ivative of j**3/2 + j**2 + j. Determine z(a).
-1
Let r(v) = -1176*v**3 + 608*v**3 + 1 + 571*v**3 - v**2. Determine r(-1).
-3
Let m = 5 + -1. Let u(g) be the second derivative of -96*g + 0 + 1/2*g**3 + 3/2*g**2. Give u(m).
15
Let h(u) = -69*u + 8560. Let y be h(124). Let k(j) = -14*j**2 + 9*j + 5. Give k(y).
-183
Let h(d) = 0 + 304*d - 302*d + 1. Let z(a) = -10*a**2 - 88*a + 22. Let s be z(-9). Give h(s).
9
Let h(l) = 9*l**2 + 1005*l - 329. Let b be h(-112). Let c(q) = 3*q**2 + q**3 + 4 + 6*q**2 - 15*q**2 - 9*q. Give c(b).
-10
Let r(u) = 29*u - 2 - 5 + 5 + 24*u - 48*u. What is r(2)?
8
Suppose -5*s = 3*m - 13 - 10, -4*m = -s. Let q(g) = -6*g**3 - g**2 + 5*g + 7. Let f(p) = p**3 + p + 2. Let j(l) = m*q(l) - 4*f(l). Determine j(1).
-11
Let c = 50 + -45. Let t(h) = h**2 + 2*h - 14. Let l(b) = 2*b**2 - 18. Let u(g) = 2*l(g) - 3*t(g). What is u(c)?
1
Let x(v) = -3*v**2 - 32*v - 1. Let t = -10807 - -10797. What is x(t)?
19
Suppose -16 = 4*m, -a - 3*m - 1 = 12. Let x(i) = -i**3 + 17*i**2 - 31*i + 23. Let l be x(15). Let y(f) = -19*f**2 + 18*f**2 + l*f - 9*f - 3*f**3. Give y(a).
3
Let x be 1/5 + (-2)/10. Suppose b - 9 = -4*r, x = -r + 3. Let y(h) = h - 8*h - 3 + 3*h. What is y(b)?
9
Let d be (-9 - -25) + -38 + 27. Let s(l) = l - 34. Give s(d).
-29
Suppose 6 = -2*v - 2*a, 2*v = -2*v - a - 3. Let j be -3 - (v + -2) - 65/(-5). Let p(t) = -t**2 + 10*t + 15. Determine p(j).
-9
Let u be (-3)/(-1) - (8 + -7). Let w(q) = q**2 - 61 + 133 + q - 70 - 3*q + 4*q**2. Give w(u).
18
Let r = 2708 + -2702. Let l(q) = q**3 - 7*q**2 + 7*q - 6. Calculate l(r).
0
Suppose -b = -24 + 81. Suppose -302*r - 119 = 2*s - 303*r, 6*r - 258 = 4*s. Let x = b - s. Let p(k) = k**3 + k**2 - k - 4. Give p(x).
-4
Let p(c) be the second derivative of c**6/120 - c**5/30 - c**4/6 - c**3/3 - 169*c**2/2 + 87*c. Let g(h) be the first derivative of p(h). Calculate g(-2).
-10
Let d be 5/20*(492 + 0) - 0. Let o = d + -119. Let v(z) = z**3 - 4*z**2 - 3*z - 4. Calculate v(o).
-16
Let x(w) be the first derivative of w**3/3 + 17*w**2/2 - 39*w - 7. Give x(-18).
-21
Let s be (-446)/(-336) + -1 - 342/1197. Let f(y) be the third derivative of 0*y + 0 + 32*y**2 - s*y**4 - 1/6*y**3. Give f(-4).
3
Let z(y) = y**2 + 3*y - 378. Let n be z(-21). Let o(t) = 2*t + 11. What is o(n)?
11
Let c(m) = -7*m**3 + 19*m**2 - 14*m - 14. Let n(a) = -16*a**3 + 38*a**2 - 27*a - 25. Let i(g) = 7*c(g) - 3*n(g). What is i(18)?
-5
Let p(s) = -4. Let d(a) = a - 5. Let j(k) = -5*d(k) + 6*p(k). Let x(r) = -12*r + 3. Let y(z) = 7*j(z) - 3*x(z). Let b = 3 - -3. Give y(b).
4
Let m(q) be the first derivative of -3*q**4/4 - q**3/3 + q**2/2 - 2*q + 1. Let b be 24278/(-20) + 11/(-110)*1. Let r = -1212 - b. Determine m(r).
-28
Suppose 2*o - 4*u + 6 = 0, 0 = -2*o - 22*u + 19*u - 6. Let n(p) = -p**3 - 3*p**2 - 7*p + 5. Determine n(o).
26
Let h(t) = -9*t + 1. Let g(f) = f**2 + 4*f - 7. Let j be g(-6). Suppose 0 = -3*q - z - 1 + 3, -z - j = -4*q. Give h(q).
-8
Let m(d) be the second derivative of -d**5/20 + 5*d**4/6 + 13*d**3/6 - 7*d**2 + 1079*d. What is m(11)?
8
Let m(n) = -2*n**2 + 40*n + 29. Let u be m(20). Let a(z) = u - 4*z + 5*z - 11 - 16. Calculate a(2).
4
Let n(j) = 19*j**2 - 8*j + 53 + j**3 - 62 - 14*j**2. What is n(-5)?
31
Suppose 22*k + 4015 = -3949. Let m = k + 362. Let c(t) = t**2 + 2*t - 9. Give c(m).
-9
Let c be ((-62)/(-4))/(9/18). Let d = -22 + c. Let o be (3/(-3))/(1 + d/(-8)). Let k(h) = -h**2 + 7*h + 11. What is k(o)?
3
Let y be (6 - 243/297) + (-4)/(-22)*-1. Let x(u) = 14*u - 14. Give x(y).
56
Let w(x) = x - 121*x**2 + 115*x**2 + 19 + 4*x**2. Give w(4).
-9
Let y(a) = -12*a - 28. Suppose -4*o = 2*l + 18, l = -32*o + 34*o + 3. Calculate y(l).
8
Let y(i) = i**2 + 16*i + 16. Let d(h) = -h - 1. Let s(w) = -6*d(w) - y(w). Suppose -u = 39*b - 40*b + 20, 0 = 17*u - 5*b + 184. Calculate s(u).
11
Let o(g) = 1812*g + 1815*g - 2*g**2 - 3589*g + 13. What is o(18)?
49
Let l(m) be the second derivative of -m**7/840 - m**6/360 - m**5/120 - m**4/12 - 91*m**3/6 + 84*m. Let q(z) be the second derivative of l(z). Determine q(-3).
19
Suppose -2*m - c = 3, 0 = 18*m - 14*m + 3*c + 9. Let x(g) be the first derivative of g**2/2 - 5*g + 13. Calculate x(m).
-5
Let b(m) = 2*m**2 - 2*m. Suppose -8*s - 23 + 39 = 0. Let p be (-5 + (-2)/(-2))/(s*1). Calculate b(p).
12
Let q(s) = s**2 - 12*s + 38. Let b be q(8). Let p(m) = 5*m - 5 + 4 - 4 - 2 - m**2 + 14. Determine p(b).
1
Suppose 11 = 6*q - 13. Suppose -3*f = 3*v + 9, 5*f = q*v - v - 7. Let a(g) = -4 + 4 - 4*g + 0*g. Calculate a(v).
4
Let r(o) = -2*o - 24. Let f(w) = -31*w - 179. Let v(q) = -f(q) + 10*r(q). Give v(6).
5
Suppose -5*v = -o - 122, -3*v = -2*o - 49 - 27. Suppose 0 = 26*f - 22*f - v. Let r(g) = 4*g - 18. Give r(f).
6
Let x(c) = -c**3 - c**2 - c - 7. Let f be 40/(-15)*(-3)/(-2). Let h be (f - -5) + 0 + 0. Let m be (-11)/(-33) + h/(-3). Determine x(m).
-7
Let k(t) = 1697*t - 12 - 700*t - 975*t. Calculate k(-4).
-100
Let s(g) = -g**2 - 3*g + 2. Suppose 17*u + 520 = 22*u. Suppose u = 26*t - 26. Give s(t).
-38
Let x(k) = 24*k + k**2 + 9 - 35*k - 194 - 31*k. Calculate x(-4).
-1
Let y(d) be the third derivative of -d**4/24 - 4*d**3 + 401*d**2 - 3*d. Calculate y(-18).
-6
Let a be 1*(80/4)/4. Let x be 17/a - 6/15. Suppose o - 28 = -4*i, -x*i + o = -0*o - 28. Let m(y) = -y**2 + 7*y + 2. Give m(i).
-6
Let i(p) be the first derivative of 1/60*p**5 + 1/2*p**3 - 1/4*p**4 + 24 + 0*p - 9*p**2. Let h(g) be the second derivative of i(g). What is h(4)?
-5
Let f(j) = 2*j + 2*j - 4*j**3 + 2 + 3*j**3 + j - 5*j**2. Let d be 1024/1280 - (2 + 72/15). What is f(d)?
8
Let j(b) = 2 + b**2 + 14 - 58*b - 28 - 4*b**2 + 1. Determine j(-19).
8
Let n(y) = -y**2 - 9*y - 18. Let s be n(-5). Let m(d) = 7*d**2 + s - 17*d**3 - d - 12*d**2 + 16*d**3 + 9*d**2. Give m(5).
-28
Suppose -l = 4*w + 20, -138*w = -136*w + 6. Let o(z) = z**2 + 3*z - 8. Give o(l).
32
Let k(l) = 2*l - 1. Let x(p) = 4*p. Let q(v) = -k(v) + x(v). Calculate q(24).
49
Let v(p) = -p**3 + 8*p**2 - 8*p + 9. Let z be v(7). Let t(o) = -z*o**3 - 14*o + 3 - 6*o**2 + 2*o**3 + o**3 + 18*o + 3. Determine t(5).
1
Let z be 10/(-4)*(-4)/5. Let d be (0 - (-3)/6)*(27 + -17). Let c(m) = -4*m + 20 - 18 - 2*m + d*m + 2*m - m**3. What is c(z)?
-4
Let i(c) be the second derivative of -c**4/12 + 5*c**3/2 + 13*c**2 + 6*c - 239. Determine i(14).
40
Suppose -21*g = -7*g - 2394. Let u = g - 165. Let l(w) = w**3 - 7*w**2 + 5*w + 2. Determine l(u).
-4
Suppose 4*y = -2*j - 2, -y + 30*j - 11 = 27*j. Let w(v) = v + 2. Determine w(y).
0
Let z(x) be the first derivative of 3*x**4/2 + x**3/3 - x + 5. Determine z(-1).
-6
Let u(t) = -t**2 + t - 1. Let s(r) = -4*r**2 + 15*r - 22. Let b(n) = s(n) - 5*u(n). What is b(2)?
7
Let f(o) = o**2 - 28. Let c be f(6). Suppose -10*z - q + 13 = -14*z, c = -z + 5*q. Let y(w) = w**3 + 4*w**2 + 3. Calculate y(z).
12
Let t(o) = 156*o - 763. Let g be t(5). Let y(k) = -10*k**2 + 172*k - 21. Calculate y(g).
13
Let z(u) = -u - 7. Let d(a) = 2*a**3 - 6*a**2 + 3*a + 4. Let v be d(3). Suppose v = -i + 4. Give z(i).
2
Let j(n) be the first derivative of -17/2*n**2 + 14/3*n**3 - 15*n - 143 + 1/4*n**4. Give j(-15).
15
Let h(a) = -a**3 + a**2 - 2*a + 87. Suppose 184*m = 205*m. What is h(m)?
87
Suppose -3*p + 2*t = 0, p - t = -1 - 0. Let m(w) = w + w + 6*w**2 + 7*w - 2 - 7*w**p. Give m(6).
16
Let y(o) = 5*o + 47. Let k(p) = -4. Let z(f) = 5*k(f) + y(f). Determine z(5).
52
Let a(j) be the first derivative of -j**5/10 - j**3/3 + j**2/2 - 145*j - 58. Let h(w) be the first derivative of a(w). What is h(2)?
-19
Let n(z) = z**3 + 6*z**2 - 6*z + 6. Let v be n(-7). Let b(m) = -m + 8. Let r be b(6). Let x(l) = -9*l**2 + 31*l**r - 3*l + 4*l - 13*l**2 + 1. What is x(v)?
9
Let h(n) = 2*n + 1 - 3*n - 4. Let g(a) = -a**2 + 146*a + 9547. Let p be g(-49). Determine h(p).
5
Suppose 5*f - s = -59 - 24, 3*f + 43 = 4*s. Let h(m) = 6*m + 103. Calculate h(f).
1
Let u = 369 + -365. Let x(z) be the third derivative of -7/24*z**u + 21*z**2 - 1/3*z**3 + 0*z + 0 - 1/60*z**5. Give x(-6).
4
Let p(u) = 8*u + 50. Let j(k) = 30*k + 183. Let i(o) = 2*j(o) - 9*p(o). Give i(-9).
24
Let g(y) be the first derivative of -y**6/120 + y**5/15 + y**4/6 + 7*y**3/6 + 22*y**2 - 93. Let d(s) be the second derivative of g(s). Determine d(5).
2
Let s(x) be the first derivative of x**3/3 - 3*x**2 + 4*x + 771. Let n = 2 - -2